 -0*b + 4*s + 72. Let c be (b/35)/((-2)/(-14)). Calculate the highest common divisor of 96 and c.
12
Suppose 4*s + 24 = 4*n, 0 = -2*s - 0*s. Suppose -4*q = -n*q. Suppose -4*c - 2*h + 20 = q, 3*c - c - h - 14 = 0. What is the highest common divisor of c and 24?
6
Let z be (-5)/((-2)/4*60/90). Calculate the greatest common divisor of z and 180.
15
Let z(p) = -4*p - 10. Let x be z(-3). Suppose -5*a + 3*l + 79 = 0, 0*a - a + 20 = -x*l. Calculate the highest common factor of a and 182.
14
Let i(a) = 6*a**3 - 8*a + 4. Let b be i(2). Suppose -5*l - 13 = -253. Calculate the highest common divisor of b and l.
12
Suppose 0 = -5*u + 3*u + 10. Let q = 451 + -326. Calculate the greatest common factor of u and q.
5
Let d = 263 - -1500. What is the greatest common divisor of 41 and d?
41
Suppose 6*s - s = 5*y + 405, y = 4*s - 324. Calculate the greatest common divisor of s and 891.
81
Suppose -7*k - 6 = -468. Calculate the highest common divisor of 154 and k.
22
Suppose -h - 2*h + 72 = 0. Let u be (-15)/(-12)*4 + -4 - -1. Suppose 5*t = -w + 6*w + 1335, 2*t + u*w = 522. Calculate the highest common factor of h and t.
24
Suppose 27*y - 3990 = 8*y. Calculate the greatest common factor of 42 and y.
42
Let v be 0/3 + 10 + 180. Calculate the highest common factor of 60 and v.
10
Let p(k) = -271*k - 3467. Let u be p(-13). Let f(d) = 7*d**3. Let q be f(1). What is the highest common factor of q and u?
7
Suppose 0 = 3*c - 2*t - 496, -6*t = -2*c - 3*t + 334. Let z = -80 + c. Calculate the highest common divisor of 21 and z.
21
Suppose 30*j - 425 = 535. What is the greatest common factor of j and 112?
16
Let s(m) = -25*m - 7. Let p be s(-1). Let o(a) = 17*a**2 - 3*a - 2. Let w be o(-2). What is the highest common factor of p and w?
18
Let b = -209 + 223. Let z = -126 + 238. What is the highest common factor of b and z?
14
Suppose -28*n + 5619 + 7233 = 0. Calculate the greatest common divisor of n and 34.
17
Let b be -3*-2*(-3)/45*-25. Calculate the highest common factor of 50 and b.
10
Suppose -14*x + 54 = -13*x. Let h = x + -31. Calculate the highest common divisor of 115 and h.
23
Suppose 0 = 8*y + 3*y - 5808. What is the highest common divisor of 33 and y?
33
Let y(o) = -2*o**3 - 3*o + 0*o + 7*o**2 - 10*o**2 + 6*o. Let u be y(-5). Calculate the greatest common factor of u and 20.
20
Let s be 5 - -2 - (0/4)/(-4). Suppose -8*z + s*z + 11 = 0. What is the greatest common factor of z and 33?
11
Let d(b) = 11*b**2 - b + 8. Let i be d(4). What is the highest common divisor of i and 36?
36
Let m(b) = 6*b - 34. Let s be m(9). Let o be ((-42)/28)/((-3)/s). Suppose -3*r - 4 = -16. What is the highest common factor of r and o?
2
Suppose -76 - 5 = -3*k. Let g be k/2*8/6. Let n be 5 - (-1 + 5 + -11 - -3). Calculate the greatest common factor of n and g.
9
Let r be ((-75)/12)/5 - 14490/(-72). Calculate the highest common divisor of 225 and r.
25
Let q = 97 + -89. What is the greatest common divisor of 1 and q?
1
Suppose 24*j = 27*j - 6. Let y = 72 - j. Calculate the highest common factor of 14 and y.
14
Let u be (-3 - (-42)/(-9))*(-1 - 50). Calculate the greatest common divisor of 34 and u.
17
Suppose -4*o = -12, 21 = 3*h + 8*o - 3*o. What is the greatest common factor of h and 12?
2
Let n = 7 + -6. Let q be (9/(-27))/(n/9). Let u be (-4)/q - 6/(-9). What is the highest common factor of u and 2?
2
Let d be (-1)/((30/(-1080))/((-1)/(-2))). Calculate the highest common divisor of 99 and d.
9
Let u(v) = 5*v + 430. Let p be u(-26). What is the greatest common divisor of 700 and p?
100
Let h = -55 - -53. Let b be ((-6)/(-4) - 2)/(h/72). What is the highest common factor of b and 9?
9
Let k = 11 + -17. Let p(n) = -n**2 - 9*n - 4. Let m be p(k). Calculate the greatest common divisor of m and 70.
14
Let g be ((-12)/10)/(281963/(-25630) + 11). Calculate the greatest common factor of g and 4.
4
Suppose -5*b - 32 - 8 = 5*y, b - 8 = 3*y. Let g be 3 + 4*11 + 4/y. What is the greatest common divisor of 184 and g?
46
Let x(h) = -6*h**2 - 3*h - 4. Let p be x(-3). Let i = p + 34. Let l = i - -28. Calculate the greatest common factor of 39 and l.
13
Let a be ((-2)/(-5))/(-16 - (-11202)/700). Calculate the highest common divisor of 28 and a.
28
Suppose -2*x + 14 = 2*c + 4, 5*x - 46 = 2*c. Suppose -2556 + 268 = -11*m. Calculate the highest common divisor of x and m.
8
Let w(k) = -k**2 - 6*k + 1. Let q be w(-6). Let t = -27 - -9. Let g be ((-8)/10)/(t/45). Calculate the highest common factor of g and q.
1
Let f(q) = 32*q**2 + 9*q + 25. Let m be f(-5). What is the highest common factor of 78 and m?
78
Let b be (-2 + 1)/(2/(-22)). Suppose 13 = -b*c + 57. Let p(x) = -12*x**3 - x - 1. Let o be p(-1). Calculate the greatest common factor of o and c.
4
Let y(r) = -2910 + 2909 - 4*r + 13*r. Let a(g) = -g**3 - 5*g**2 - 2*g - 7. Let w be a(-5). Let s be y(w). What is the highest common factor of 39 and s?
13
Suppose -h + 673 = -3*x, 3*x - 2767 = 2*h - 6*h. What is the greatest common divisor of 43 and h?
43
Suppose v = 7*v - 36. Let u(g) = g**3 - 6*g**2 + 5*g + 2. Let l be u(v). Calculate the greatest common divisor of 96 and l.
32
Suppose -48527 = -53*n + 1293. What is the highest common divisor of 40 and n?
20
Suppose -7*j + 5*x = -6*j - 49, -5*x + 71 = 4*j. What is the highest common factor of 32 and j?
8
Let n = -10 - -43. Calculate the greatest common factor of n and 18.
3
Let a(r) = 4*r**2 - r + 2. Let x be a(-2). Let n = -5447 + 5577. Calculate the highest common factor of n and x.
10
Let v be 24/(-18)*(12 + 0). Let c be (-18)/(-12)*v/(-6). Let i be 3*c + 5 + -3. Calculate the greatest common divisor of i and 35.
7
Let i(j) = -j**3 - 21*j**2 - 29*j - 26. Let q be i(-20). Let u = 25 - 11. Calculate the greatest common divisor of q and u.
14
Let p(o) = -4*o + 3. Let z be p(5). Let h = 35 + z. Suppose 0 = 50*u - 311 - 1489. Calculate the highest common factor of h and u.
18
Let m = -10 - -19. Let n(p) = -2*p**2 + 37*p + 27. Let b be n(19). Let q(o) = 5*o + 32. Let a be q(b). What is the highest common divisor of a and m?
9
Let j = -43 - -31. Let b = 31 + j. Let g = 26 - b. Calculate the greatest common divisor of g and 56.
7
Let g = 1348 - 1202. Calculate the greatest common divisor of g and 73.
73
Let n be ((-25)/(-2))/(6 + 66/(-12)). Suppose -8 = -c + n. Calculate the greatest common factor of 22 and c.
11
Let i = -1212 + 1756. Calculate the greatest common divisor of i and 17.
17
Suppose -34*t + 26*t = -56. What is the highest common divisor of 7 and t?
7
Let d be 12 + (-16)/(96/(-18)). What is the greatest common divisor of d and 345?
15
Suppose -2*y = 2*r - 10, -5*r + 14*y = 11*y - 25. Calculate the highest common divisor of 40 and r.
5
Let y = -96 + 142. Let a = y + -24. Suppose -q = -1 - 1. What is the highest common divisor of a and q?
2
Let o(t) = -t + 23. Let d be o(11). Let s(i) = i - 6. Let l be s(d). Let q be 1328/56 + l/21. Calculate the greatest common divisor of q and 6.
6
Suppose -4*h + 0*h - i = -67, 21 = 2*h + 3*i. Let a be 594*(-5 + 64/12). What is the highest common divisor of h and a?
18
Let z(u) = -2*u - 22. Let x be z(-13). Suppose -x*m + 11*m - 2184 = 0. What is the highest common divisor of 24 and m?
24
Let v(x) = 5*x**2 + 126*x + 49. Let f be v(-25). Calculate the highest common factor of f and 18.
6
Let h = 28 + -15. Let r be (-4*h)/(-4) + -2. What is the highest common divisor of 22 and r?
11
Let x(s) = 16*s - 311. Let p be x(60). What is the greatest common factor of p and 59?
59
Let a be (-10 - -5) + (-3 - -195 - 3). Calculate the highest common factor of a and 24.
8
Let b(d) = 2*d**3 - 39*d**2 - 16*d + 35. Let r be b(20). Calculate the highest common factor of 115 and r.
115
Let t be 36 - (1 - (1 + -3)). Let n = 253 + -137. Suppose -4*q + n - 28 = 0. What is the greatest common factor of q and t?
11
Suppose -163*y = -170*y + 196. What is the highest common factor of y and 4?
4
Suppose 2*a = -0*a + 16. Let t(y) = -5*y + 270. Let z be t(46). Calculate the highest common factor of z and a.
8
Let l(h) = h**3 + 28*h**2 + 8*h + 82. Let f be l(-27). What is the greatest common factor of f and 85?
85
Let p be 7/56 - (-31)/8. Suppose -p*z + 10 = 2, 5*j + 4*z = 203. What is the highest common factor of 13 and j?
13
Suppose 3*q = r + 8, -4*r - q - 14 = -4*q. Let u be 0 + r/(-1) +